ided by n?
10
Let c(j) = j**3 - 26*j**2 - j + 99. Calculate the remainder when 139 is divided by c(26).
66
Let g be ((-135)/18)/(3/20). Let o = 57 + g. What is the remainder when 23 is divided by o?
2
Suppose -3*b - 5*p = -135, 12*b - 91 = 10*b - 3*p. Calculate the remainder when 162 is divided by b.
12
Suppose 0 = -2*t - 3*q + 66, 5*t + 5*q - 25 - 130 = 0. What is the remainder when 105 is divided by t?
24
Suppose y + 8 = b, 3*y = -b + 7 + 1. Suppose -20*l = -16*l - 308. What is the remainder when l is divided by b?
5
Let r = -191 - -496. Calculate the remainder when (55 - -2) + 2 + 0 is divided by 3/(-6) + r/10.
29
Let l = -11 + 17. Let t(p) = -p**3 + 6*p**2 + 3*p - 6. What is the remainder when (2 - 27/(-3))*6/3 is divided by t(l)?
10
Let l(w) = -w**2 + w + 73. Let h(r) = -2*r**2 + 13*r - 6. Let p be h(6). Calculate the remainder when l(p) is divided by 19.
16
Let q(m) = -m**2 + 13*m + 9. Let k(u) = -u**3 + 5*u**2 - u + 7. Let g be k(5). Suppose g*c - 65 = -3*c. What is the remainder when 16 is divided by q(c)?
7
Suppose -5*d + 4*f = -309, 52*d - 3*f = 55*d - 207. Calculate the remainder when 185 is divided by d.
55
Let q(u) = 80*u**3 - 2*u**2 + 2*u. Calculate the remainder when q(1) is divided by 25.
5
Suppose 3*n - 2*n - 26 = 0. Suppose 122 - n = 3*h. Let k = 113 - 19. Calculate the remainder when k is divided by h.
30
Suppose -3*p + 85 + 8 = 0. What is the remainder when 83 is divided by p?
21
Let r(s) = -s**2 + 38*s - 349. What is the remainder when 37 is divided by r(22)?
1
Suppose -5*m - 15 = -4*y, -5*y - m = -3*y - 11. Suppose 0 = -u + y*h + 22, -4*u - 3*h + 26 + 62 = 0. What is the remainder when 83 is divided by u?
17
Let h = 28 - 11. What is the remainder when h is divided by (70/(-21))/(1/(-3))?
7
Suppose -2*c = -0*c - 26. Let p = 186 + -203. Let h = p - -42. Calculate the remainder when h is divided by c.
12
Let c(f) = 2 - 4*f - 2*f - 2*f. Suppose 4*k = 7*k + a - 40, -40 = -5*k + 5*a. What is the remainder when c(-4) is divided by k?
10
Let o(d) = 2*d**2 - 3*d. Let i be o(8). Let m be (-43 - (4 + -2)) + 2. Let k = m + i. What is the remainder when k is divided by 16?
13
What is the remainder when 107 is divided by (0/4)/4 - (4 + -43)?
29
Suppose 3*q - 18 = -3*q. Suppose 3*u + 12 = 0, -4*h - q*u = u + 4. Suppose -2*m = -h*m + 46. Calculate the remainder when m is divided by 12.
10
Let w be 1/4 - 21/(-12). Suppose 0 = w*d + 3*d - 110. Calculate the remainder when d is divided by (3*(-8)/60)/(2/(-60)).
10
Let i = 339 + -279. Calculate the remainder when 669 is divided by i.
9
Let m = 353 + -238. Calculate the remainder when m is divided by 31.
22
Let w(h) = -50*h + 519. Calculate the remainder when w(8) is divided by 73.
46
Let j(w) = w**2. Let s(k) = 2*k**2 - 11*k - 4. Let i(z) = 3*j(z) - s(z). Calculate the remainder when i(-12) is divided by ((-1)/3)/((-1)/18).
4
Let d(l) be the second derivative of 4*l**3/3 - 18*l**2 - 31*l. Calculate the remainder when d(14) is divided by 11.
10
Let u = 737 + -372. Suppose -4*q + 288 = -5*d + 9*d, -4*d = 5*q - u. What is the remainder when q is divided by 40?
37
Let z be 10/25 + 3/5. Calculate the remainder when 7 - 6 - (-103 + z) is divided by 35.
33
Suppose 0 = -5*w + 507 - 17. Calculate the remainder when w is divided by (-48)/(-36)*((-78)/(-24) + 5).
10
Let s(h) = h**2 - 3*h + 8. Let p = 9 - 4. Suppose 12 = -3*b + 3, -24 = -q + p*b. Calculate the remainder when s(6) is divided by q.
8
Suppose -3*z = -9, 9 + 8 = y + 5*z. Calculate the remainder when y is divided by 3 + (1 - (1 + 1)).
0
Let c be -1*(1 - -14)/((-9)/6). Let g(t) = 2*t**2 - 16*t - 18. Calculate the remainder when 55 is divided by g(c).
11
Let k(w) = 6*w + 26. Let g be k(-2). Let r(q) = 3*q - 28. Calculate the remainder when 53 is divided by r(g).
11
Let r = 0 - -30. Let c = r - 10. Suppose -79 - 80 = -3*s - 3*v, -222 = -4*s - 2*v. What is the remainder when s is divided by c?
18
What is the remainder when (62/(-5))/((-1)/5) is divided by 24?
14
Suppose 0 = -b + s + 16, -4*s - 5 + 4 = -b. What is the remainder when b is divided by 99/15 + 18/(-30)?
3
Suppose -10*p - 12 = -6*p. What is the remainder when -11*(p - 8/4) is divided by 14?
13
Let x(l) = 7*l**3 + 16*l**2 + 6*l + 9. Let c(q) = 3*q**3 + 8*q**2 + 3*q + 5. Let j(d) = -5*c(d) + 2*x(d). What is the remainder when 31 is divided by j(-8)?
14
Let s(n) = -20*n - 23. What is the remainder when 95 is divided by s(-3)?
21
Suppose 3*m = -3*u + 129, 0*m = -5*u - m + 207. Calculate the remainder when 21/(-3)*162/(-7) is divided by u.
39
Suppose 2*f = 4*f - 12. Suppose -20 = 5*r, n + 2*r + 38 = f*n. What is the remainder when 11 is divided by n?
5
Let j = 62 - 58. Suppose -s = -j*k - 18, k + 22 = s - k. What is the remainder when 100 is divided by s?
22
Let s(d) = 4*d - 8. Let g be s(6). Let t = g + -15. What is the remainder when 26 is divided by (3/t)/((-12)/(-40))?
6
Let g be 0 + 0 - (-152 - 4). Let r = g + -46. Calculate the remainder when r is divided by 24 + (4/(-2) - -6 - 0).
26
Let s(a) = a**3 - 2*a**2 - 2*a + 4. Let j = 1198 - 1180. Calculate the remainder when j is divided by s(3).
4
Suppose 2 = 7*i + 30. Let x(j) = 5*j**2 + 2*j + 6. What is the remainder when x(i) is divided by 43?
35
Suppose 0*z = 2*z - 8, 5*k = 5*z + 280. Suppose -6*o = -2*o - k. What is the remainder when 43 is divided by o?
13
Let f(q) = -5*q**2 - 162*q - 38. Calculate the remainder when 202 is divided by f(-32).
20
Let p = 4 + -2. Suppose p*n - 18 = n. Let x = 56 - n. Calculate the remainder when x is divided by 10.
8
Let j = 174 + 4. Calculate the remainder when j is divided by 91.
87
Suppose 99 + 873 = 18*x. Calculate the remainder when 260 is divided by x.
44
Suppose 4*m + v - 285 = 0, -2*v + 14 = 4. Let t = m - 61. Calculate the remainder when 16 is divided by t.
7
Suppose -128 + 1402 = 14*r. Let h be (-2 - 0)*1/(-1). Suppose -23 = h*s - 3*s. What is the remainder when r is divided by s?
22
Let g be 5/15 - 78/(-9). Let c(n) = -5*n + 8*n**2 + 2 - n**3 - g + 7. Calculate the remainder when 38 is divided by c(7).
10
Let z = 48 - 18. Calculate the remainder when 30 is divided by z.
0
Let w = -28 - -39. Let p = -18 + 26. Calculate the remainder when w is divided by p.
3
Suppose -120*b + 2*d = -117*b - 32, -54 = -5*b + 4*d. What is the remainder when 26 is divided by b?
6
Suppose -2*z = -4*v - z + 27, 0 = v + 5*z - 33. Let n = 195 - 182. Suppose -l + 17 = g, -4*l + n + 70 = 5*g. What is the remainder when g is divided by v?
7
Let t be ((-595)/(-15) - -3) + 2/(-3). Suppose 0 = -8*s + 3*s + 10. Suppose -s*j = j - t. What is the remainder when 25 is divided by j?
11
Let l = -32 + 54. Suppose -3*o + 11 + l = 0. Suppose -3*h = -2*p + 11 + 1, -h + 13 = 5*p. Calculate the remainder when o is divided by p.
2
Let p(s) = s**2 - 5*s - 16. Let u be p(5). Let r = 24 + u. Suppose 52 = 3*b + 13. What is the remainder when b is divided by r?
5
Suppose i - 9*f - 167 = -8*f, -342 = -2*i + 4*f. Calculate the remainder when i is divided by 82.
81
Let o(a) = a**3 - 2*a**2 - 5*a + 4. Suppose 1127 + 355 = 6*l. Suppose -7*k - 6*k + l = 0. Calculate the remainder when o(5) is divided by k.
16
Let d(q) = 6*q - 10. Let y be d(10). Let z = y + -28. Let p = -209 - -294. What is the remainder when p is divided by z?
19
Suppose -5*q + 4*b - 116 = 0, 5*q + 2*b + 2*b = -84. Let o = q - -31. Calculate the remainder when 42 is divided by o.
9
Let d = 9 - 6. Let r be 20/d*(-5 + -1). Let m = r + 71. Calculate the remainder when m is divided by 11.
9
Let y = 30 + -9. What is the remainder when 60 is divided by y?
18
Let x be (-3)/(-4) - 242/(-8). Suppose 4*s - 84 = -5*u + u, -x = -3*u + 5*s. Calculate the remainder when 30 is divided by u.
13
Let u(c) = 31*c - 101. What is the remainder when u(7) is divided by 59?
57
Let z = -125 - -130. Let o(l) = 2*l**2 - 9*l - 7. Let t be o(8). Suppose -t = -4*r - z. Calculate the remainder when 54 is divided by r.
10
Suppose -3*s - 46 = -7. Let i = s + 19. Calculate the remainder when i is divided by 2.
0
Suppose 4*p + 1 = 5*c + 3*p, 3*p + 3 = 2*c. Suppose -5*m + g + 88 = c, m + 2*m = -3*g + 60. Calculate the remainder when 87 is divided by m.
15
Let k = -1429 - -1630. What is the remainder when k is divided by 68?
65
Suppose 6*u = 8*u - 110. Suppose -2*o + 3 = -1. Suppose -q + o*r = 4*q - 68, -52 =